2. What is the highest common divisor of u and v?
15
Let u(p) = -13*p - 1. Let y be u(-1). Suppose 0 = o + 3*o - y. Suppose o*f - 24 = 24. What is the highest common factor of 40 and f?
8
Let h(m) = 28*m + 1. Let j be h(1). Suppose 0 = 3*l - g - 23, 0*l - 5*l + 4*g + j = 0. What is the highest common divisor of 99 and l?
9
Let z = -14 + 54. Suppose 0 = v + 3, o + 106 = 6*o - 2*v. What is the greatest common divisor of o and z?
20
Let v(t) = t - 1. Let x(n) = -n**2 - 12*n + 8. Let l(w) = 6*v(w) + x(w). Let h be l(-5). Calculate the highest common divisor of h and 7.
7
Suppose -3*d = 3*t - 2*d - 17, -5*t = -4*d. Suppose 0*z = -t*z + 56. What is the greatest common factor of 7 and z?
7
Suppose 5*z - 27 = 133. Let o(c) = c**3 + 7*c**2 - 8*c - 5. Let x be o(-8). Let k = x + 9. What is the highest common factor of z and k?
4
Suppose 15 = 4*b + 3, 0 = 3*i + b - 99. What is the highest common divisor of 8 and i?
8
Suppose -g = g - 26. What is the greatest common divisor of 91 and g?
13
Suppose -20 = -0*g + 5*g. Let w be (-2)/g + (-10)/4. Let x(t) = -t**3 + t**2 + t + 2. Let j be x(w). What is the highest common factor of j and 30?
6
Suppose 2*u + u = 120. Let c = -12 + 28. What is the greatest common factor of u and c?
8
Let x(s) = -4*s - 1. Let o be x(-3). Calculate the highest common factor of o and 22.
11
Let a(x) = -x. Let y(f) = f - 3. Let v(w) = -2*a(w) - y(w). Let q be v(3). What is the greatest common factor of 60 and q?
6
Let i be (-1 + 1)*(1 + 0). Suppose -2*k + 4*a + 7 = 3*a, k + 5*a - 31 = i. Let f = 10 - 4. What is the highest common divisor of f and k?
6
Let r = -14 + 14. Suppose -7*u + 9*u - 26 = r. What is the greatest common factor of 13 and u?
13
Suppose 4*g + 24 = 6*g. Suppose -6*v + g = -2*v. Suppose 0 = 2*h + v*d - 35, -4*h + 2*d + 55 = 3*d. What is the greatest common factor of h and 143?
13
Let h(t) = -2*t - 1. Let m be h(3). Let z be (-3)/(3/1)*m. Suppose 2*u - 130 = -2*g, -8 = -3*u + z. What is the highest common factor of 12 and g?
12
Let r = 2 - -18. Let u = -18 + -176. Let l = u + 334. What is the greatest common divisor of r and l?
20
Let g(f) = 4*f - 5*f**2 + 4 - 2*f**3 - 2*f + 0. Let j be g(-5). Suppose 15 - 49 = -2*r. Calculate the greatest common factor of j and r.
17
Let t(a) = a**2 + 12*a - 8. Let u be t(-13). Calculate the highest common factor of u and 55.
5
Suppose 5*r - 18 = -3. Let o be -7 - -2 - (0 - -2). Let u = -6 - o. Calculate the highest common divisor of r and u.
1
Let k be 3 - 2*(-1)/2. Let c(r) = r + 1. Let o be c(k). What is the greatest common divisor of 25 and o?
5
Let n be 1/3 - (-4)/6. Suppose 4*m = -1 + 21. Suppose 3*g + k = m*k + 15, 0 = -2*g + 3*k + 9. What is the greatest common divisor of g and n?
1
Suppose -d - 39 = -4*d. Suppose -4*k + 312 = -k. What is the greatest common divisor of d and k?
13
Let n be ((-2)/2)/(1/5). Let r = n - -9. Let b be ((-1)/(-1))/((-2)/(-12)). Calculate the highest common divisor of r and b.
2
Let p = -16 - -27. Calculate the highest common factor of 22 and p.
11
Let r = -9 + 14. Let d = r - 2. Let f be (0 - (-1 + 0))*9. Calculate the highest common factor of f and d.
3
Let u(i) = -i**3 + 4*i**2 + 2*i - 6. Let v be u(4). Let g(r) = -84*r - 4 - v + 6. Let p be g(-1). What is the greatest common divisor of p and 12?
12
Let t = 143 + -22. Calculate the greatest common factor of 11 and t.
11
Let g = 52 + -37. Let a(z) = 122*z**2 + 3*z + 1. Let j be a(-1). Calculate the highest common divisor of j and g.
15
Let d(h) = -h**3 + 5*h**2 + h - 2. Let j(x) = -x**3 + x + 5. Let i be j(0). Let p be d(i). Let t = -2 + p. Calculate the highest common factor of t and 11.
1
Suppose 0 = -3*h - 1 - 8. Let j(o) = -8*o + 4. Let s be j(h). What is the greatest common factor of s and 14?
14
Let a(t) = -2*t**2 - 5*t + 3*t**2 - 3 - 1. Suppose 3 = g - 4. Let x be a(g). Calculate the highest common factor of 20 and x.
10
Let h(y) = y - 3. Let z be h(3). Suppose -o + 2*u - 5*u + 2 = z, -4*o + 16 = 4*u. What is the greatest common factor of o and 5?
5
Let x be (-173)/(-7) + (-2)/(-7). Suppose 2 = -r + 7. Calculate the greatest common factor of x and r.
5
Let p = -2 + 2. Suppose p*j + j + 5 = 0, -172 = -4*s - 4*j. Let c = 3 - -3. What is the highest common divisor of c and s?
6
Let r(b) = -3 + 2 - b**2 + b**3 + 2*b**3 - b. Let m be r(-1). Let z be -1 + 71 - m/2. Calculate the highest common divisor of z and 8.
8
Suppose -3*s + 58 - 12 = 4*l, -4*s - 4*l = -64. What is the highest common divisor of 54 and s?
18
Let h = 284 + -131. Suppose 4*t + 8 = 76. Calculate the greatest common factor of t and h.
17
Suppose 0 = -0*u - 5*u + 935. Suppose -3*n = 59 + u. Let l be 2/(-3 + n/(-27)). What is the greatest common divisor of 6 and l?
6
Suppose 2*o + 2 = o. Let n(a) = -3*a - 2. Let q be n(o). Calculate the greatest common divisor of q and 28.
4
Let y = -107 + 116. What is the greatest common factor of 9 and y?
9
Suppose 474 = 5*n + 2*i, -5*n + 2*n + 2*i = -294. Let g be ((-4)/(-3))/(1/9). What is the highest common factor of g and n?
12
Let p(t) be the third derivative of 0*t + 3*t**2 + 1/60*t**5 - 1/6*t**3 - 1/4*t**4 + 0. Let v be p(7). What is the greatest common factor of 6 and v?
6
Let v(i) = 5*i**2 + i + 1. Let f be v(-2). Calculate the greatest common divisor of f and 209.
19
Suppose -3*k + 4*t = -116, -39 - 65 = -3*k - 2*t. Let b = -51 - -141. What is the highest common factor of k and b?
18
Let z be ((-48)/15)/((-2)/60). Suppose -6*j = -3*j - z. Calculate the greatest common factor of 48 and j.
16
Suppose -w - 8 - 15 = 5*y, -3*w = 3*y + 21. Let x = 21 - w. What is the greatest common divisor of 8 and x?
8
Let k(q) = -q**3 + 8*q + 3. Let h be k(-6). Suppose -2 - 2 = 4*z, -2*t + h = 5*z. Calculate the highest common factor of 11 and t.
11
Let t(y) = -y**3 + 12. Let b be t(0). Calculate the highest common factor of 18 and b.
6
Let c(s) = -s**3 + 9*s**2 + 6*s - 2. Let w be c(9). Suppose 2*x - 108 = w. Calculate the greatest common factor of x and 32.
16
Let p(y) = 32*y**2 + 1. Let d be p(-1). Let m = -22 + 36. Suppose 0 = -n + m + 8. What is the highest common divisor of n and d?
11
Let z be (-1 + 6)*2/2. Suppose -2*j - 3 = -z. Calculate the greatest common divisor of j and 9.
1
Let o be (243/(-54))/((-1)/40). Calculate the highest common factor of 18 and o.
18
Let w(r) = 111*r**2 + 1. Suppose -5*h - 2 = 3. Let f be w(h). What is the highest common factor of 14 and f?
14
Let b be (-2 - -67 - -5) + -6. Let p be 18*1*1 + -2. Calculate the highest common factor of p and b.
16
Let j(z) = -z**3 + 7*z**2 + 5*z - 10. Let m be j(6). Calculate the highest common divisor of 14 and m.
14
Suppose 4*o = -2*h + 14, -8*h = -2*o - 3*h - 23. Let m(r) = -r**3 - 6*r**2 + r + 7. Let q be m(-6). What is the greatest common factor of q and o?
1
Let g be ((-4)/(-10))/((-1)/(-245)). Let i(v) = -v**3 - 3*v**2 - 2. Let x be i(-4). What is the highest common factor of g and x?
14
Let d(f) = f**3 - f**2 - 4*f + 3. Let n be d(3). Suppose -4*q + 101 = n. Let m be ((-9)/(18/(-460)))/2. Calculate the greatest common factor of q and m.
23
Suppose -660 = -5*z + 2*z. Let k = 65 - 45. What is the highest common factor of z and k?
20
Let g(f) = f + 8. Let n be g(-2). Let r(m) = -9*m**3 - 2*m**2 + 3*m - 3. Let z be r(-3). Suppose -5*p + 57 = -z. What is the greatest common factor of p and n?
6
Suppose 3*z + 11 = 5*u, -3*u = -z - 0*u - 9. Let l be -2 - -1*(2 - -2). Suppose z*a - 35 = -l*a. What is the greatest common factor of 7 and a?
7
Suppose 3*i + 38 = 107. Suppose 52 = 3*j - i. Calculate the greatest common divisor of j and 125.
25
Let p = 5 - 6. Let n be 9*(40/6 + p). Let w = 74 - 40. What is the highest common divisor of w and n?
17
Let x(l) = -l**2 - 5*l + 7. Let o be x(-3). Calculate the highest common factor of 117 and o.
13
Let n be 60 + (4 - 2) - -1. Calculate the highest common divisor of n and 21.
21
Suppose -20*o + 5*o + 1350 = 0. Calculate the highest common factor of o and 36.
18
Suppose 0 = -4*u + 3*o + 689, -u + 5*u = -4*o + 724. What is the greatest common factor of 11 and u?
11
Suppose 7 = 3*d - 8. Suppose -2*b - 6 = -44. Suppose 1 = x - b. Calculate the greatest common divisor of d and x.
5
Let a = -3 + 1. Let v be -1 - 4*(a + -3). Suppose 4*i = -3*p + 38 + 26, 2*p = 2*i - 46. What is the greatest common facto